ite?
True
Suppose 48*i - 17811718 = -38*i. Is i a composite number?
False
Suppose -11927972 = -68*k + 13914816. Is k prime?
True
Suppose -41 = -2*m - 43. Let u be 149 + (-2 + (-3 - -4))*m. Suppose 4*o + 0*f - 3*f = 109, 5*o - f - u = 0. Is o composite?
False
Let q = -14 + 42. Suppose 2*v = -4*x + 2, 0 + q = 4*v - 4*x. Is v/((-5)/(-2522)) + -1 a composite number?
False
Suppose 0 = 4*z - 3*z - 4*v - 3253, 4*z + 2*v = 13084. Is z prime?
False
Suppose -4*z = -8, -3*v - 8*z + 4*z + 82271 = 0. Is v prime?
False
Let o(l) = 4693*l + 1808. Is o(17) prime?
False
Let f(r) = r**2 + 3*r - 125. Let b be f(-13). Suppose 0 = u - 3*y - 1364 - 1881, b*y - 9763 = -3*u. Is u composite?
False
Suppose -2275 - 595 = -2*i - 4*n, 5*i - 7151 = -2*n. Let s = i - -406. Is s a composite number?
True
Suppose 5*g - 292755 = -4*r, 5*g - 5*r + 58572 = 6*g. Is g a prime number?
False
Suppose -8570 - 94 = -12*g. Suppose 0 = -g*j + 728*j - 5802. Is j prime?
True
Let i(t) be the second derivative of -5*t**3/6 - t**2 - 7*t. Let y be i(-3). Suppose 0 = y*x - 3*x - 2110. Is x prime?
True
Let p = -1596 + 1124. Let s = p - -941. Is s a composite number?
True
Let c be (4 + -1)/((-8)/(-272)). Let z(v) = -c*v**2 + 1 + 394*v**3 + 102*v**2 + 5*v. Is z(2) composite?
False
Suppose 0 = 3*a + 4*l + 4409, -3*a - 5*l + 7*l = 4379. Let m = a + 4542. Is m composite?
False
Let j(h) = 4*h**2 - 18*h - 23. Let m be -8 + 15/(90/132). Is j(m) prime?
True
Is -1 - ((-358308)/74)/(-1*2/(-302)) prime?
True
Suppose 3*y + 2*v + 1493 = 4*y, -2*v = -6. Let w = 872 + y. Is w prime?
True
Let c = 667228 + -382089. Is c prime?
True
Suppose 24 - 2 = 2*b. Let n(p) = -2*p + 24. Let o be n(b). Is o - 285/(25/(-5)) prime?
True
Suppose 3*n = 4 - 7. Is n/6 + 21038/12 composite?
False
Let p(w) = -11*w**3 + 12*w**2 + 11*w + 3. Let l be p(-7). Suppose -2*r + 3*d = -8546, l = r - d - 4*d. Is r a prime number?
False
Let n = 910866 - 397273. Is n composite?
False
Suppose 53*w + 100 = 73*w. Suppose 610 = 10*i - w*i. Is i a composite number?
True
Let s(p) = 64*p + 25. Suppose -259 = -5*q + 2*h - 10, 100 = 2*q - h. Let l = q + -43. Is s(l) prime?
True
Suppose -43*s - 3*x = -39*s - 38670, -3*s = -2*x - 29011. Suppose 2926 = -11*o + s. Is o a prime number?
True
Let u(k) = -524*k**3 - k**2 - 3*k + 1. Let s be u(2). Is (1/(-1))/(1/s) prime?
True
Suppose 0 = -49*r + 472455 + 41408. Is r prime?
True
Suppose 2*k = -y + 157715, 157*y - 4*k - 315454 = 155*y. Is y a prime number?
True
Let q = 193563 - 55522. Is q prime?
True
Let k = -3657 + 3658. Suppose 13 - 1 = 3*n. Suppose n*o + 5*y - 1229 = 6*y, y = -k. Is o a composite number?
False
Let c(u) = -2229*u + 1. Is c(-4) prime?
False
Let d = -7782 - -13735. Is d prime?
True
Let f(n) = n**2 - 3*n - 37. Let g be f(-5). Is -2 + ((-371)/g)/7*-213 a prime number?
True
Suppose 5*l + 6*l - 55 = 0. Is (-31566)/(-12) - l/(-2) a prime number?
True
Let l = 88 + -176. Let b = l + 24. Let c = b - -97. Is c composite?
True
Let r be 679971/39 - 14/(-819)*-9. Suppose -4*m + r = -47841. Is m a prime number?
True
Let f be (-6)/18 - (-542)/(-3). Let j(z) = -6*z**2 - 20. Let u be j(-10). Let w = f - u. Is w prime?
True
Suppose 0 = -29*d + 266*d - 38545917. Is d a prime number?
True
Suppose 3*y + 3*h + 81847 = 4*y, 2*y - h - 163684 = 0. Is y prime?
False
Let f(y) = y - 2*y**2 + 300*y**3 + 200*y**3 + 192*y**3. Is f(1) composite?
False
Let j(m) = 69*m**2 - 182*m**2 - 9*m + 358*m**2 - 17 - m. Let c be (-6)/(6/8*2). Is j(c) a prime number?
True
Let f be (70/21 + -4)/((-4)/(-6)). Let u(q) = 284*q**2 + 2*q + 1. Let v be u(f). Let o = 446 - v. Is o a prime number?
True
Let j(g) = 34*g - 1. Let i be -1*(14/(-2) + 4 + -2). Suppose -7*m = -i*m - 4. Is j(m) prime?
True
Is -2*48181/(-14) - 2 - -2 a prime number?
True
Suppose -3 + 3 = 3*c. Suppose c = 14*q + 4*q - 112446. Is q a composite number?
False
Let y(b) = -866*b**3 - b**2 + 6*b - 12. Let o be y(2). Is (o/(-6))/(-12*11/(-198)) prime?
True
Suppose -5*j + 136901 + 1399604 = 0. Is j a prime number?
True
Suppose -10*z + 23*z = 15*z - 429882. Is z prime?
False
Let l(n) = 11*n**2 + 4*n. Suppose -19 = -3*f + r - 6*r, -5*r + 7 = -f. Let z be l(f). Let g = 664 - z. Is g a composite number?
True
Let b be ((-25)/(-3))/(3/16137). Suppose 5*y - 44819 = -2*u, -5*y + 0*u + b = 5*u. Is y composite?
False
Let m(z) = z**2 - 17*z + 44. Let p be m(13). Let d(f) = 2*f**2 + 39*f - 6. Let g(x) = x**2 + 19*x - 3. Let c(q) = 6*d(q) - 13*g(q). Is c(p) prime?
True
Let c(y) = 210*y**2 - 42*y - 169. Is c(-15) a composite number?
False
Let l(n) = -2290*n + 529. Is l(-9) composite?
False
Let i be 284064/(-36) + (-16)/12. Is i*3/(12/(-7)) a prime number?
False
Suppose 23*l - 10584 = 17*l. Let t = 3382 - l. Is t composite?
True
Suppose -26*t + 8*t = -5017338. Is t composite?
False
Suppose 3*f + 6*h = 1979487, -6*f + 4*f + 1319613 = -5*h. Is f composite?
False
Let j be 35 + -44 - (0 - -2 - -43). Let c be ((-3)/6)/((-1)/(-4678)). Let f = j - c. Is f a prime number?
False
Let c(w) = -2*w**3 - 5*w**2 - 10*w + 7. Let u be (-8 + 9)/(2/78). Let g = u - 45. Is c(g) a prime number?
False
Suppose 17*s + 22*s - 345*s = -13006530. Is s a composite number?
True
Let x(c) = c**2 - 3*c - 18. Let d be x(6). Let z be ((d/3)/4)/2. Suppose 11*r - 9*r - 2798 = z. Is r a composite number?
False
Let g = -2163 - -1095. Is (-5)/(105/14) - g/9 a composite number?
True
Suppose -13597 = -3*q + 4*m, -2932 = -q + 3*m + 1597. Is q prime?
False
Let v(g) = 2*g**2 - 8*g - 55. Let h be v(8). Suppose h*p - 6*p - 27705 = 0. Is p a prime number?
False
Is (109340748/(-48))/33*(1 + -3)*2 a prime number?
True
Let o = 4125 - -1080. Suppose o = 3*k + 4*r, 3*k - 2*r - r - 5226 = 0. Is k composite?
True
Is -1*(-13 + (-84)/(-6)) - (1 - 12841) composite?
True
Suppose 4*j + 87874 = -5*y + 8*y, 5*y = 3*j + 146442. Is (-4)/(-10) + y/50*5 a prime number?
False
Let c(s) = 4*s**3 + 96*s**2 - 59*s + 1016. Is c(45) prime?
True
Let p be 5 - (3 - (3 + -3)) - 4. Is (-2 + p)*443/(-4) a composite number?
False
Let t = -575 + 1088. Let a = 38 + t. Is a prime?
False
Let f(c) = 11664*c**3 - 12*c**2 + 9*c + 5. Is f(4) composite?
True
Let l(a) = a**3 - 4*a**2 - 9*a - 7. Let f be (-1 - (-15)/9)*1*9. Let s be l(f). Suppose -x + p + 1819 = 0, 2*p = 15*x - s*x - 7284. Is x composite?
False
Let y be (-2 - (-355293)/21) + (-8)/(-28). Is (6 + (-17)/3)*y a prime number?
True
Suppose 170*g + 1751901 = 187*g. Is g a prime number?
False
Suppose 0 = -5*v - 0*s - 3*s + 88, v - 12 = -2*s. Let n = 19 - v. Is -3 - (n + (1 - 504) + -2) prime?
True
Let k = 74 - 69. Suppose 3*g + 330 = -2*c + 1232, 0 = -k*c - 3*g + 2264. Let x = 687 - c. Is x prime?
True
Is 242078/14 + -7 + 1034/154 a composite number?
False
Is 18 - (-19)/(247/2399137) a prime number?
True
Is (130/20 - 7)/(1/(-445174)) a composite number?
False
Suppose 0 = -g + 4*f + 76 - 13, 0 = -3*g + 2*f + 219. Is 74006/10 + 30/g composite?
True
Let j(f) = f**3 + 26*f**2 + 2*f - 12. Let n be 0 - (5/10 + 534/4). Let m = 109 + n. Is j(m) a prime number?
True
Let h be (-150)/(-45) - (-4)/6. Is h + (12278/5)/(10/25) prime?
True
Suppose 2*x - 248 = -4*k - 0*x, 3*x + 12 = 0. Let p = k - 59. Suppose p*j = 681 + 934. Is j a prime number?
False
Let h(d) = d**3 - 22*d**2 - 17*d - 7. Let r be h(26). Suppose -1531 = -6*x + r. Is x a composite number?
False
Suppose 261331 + 103995 = 26*s. Is s composite?
False
Let q(o) = 1392*o**2 + 2*o - 1115. Is q(36) a composite number?
False
Suppose -10*m = -0*m + 4820. Let b = -804 - m. Let n = b - -1199. Is n a composite number?
False
Let g = 2561 + 713. Is g a prime number?
False
Let z(r) = 15*r**2 + 2*r - 1. Let q(f) = f**2 - f - 17. Let p be q(5). Let d be z(p). Suppose i + d = 5*i. Is i composite?
True
Suppose 802731 = 69*p - 1500420. Is p composite?
True
Let q(x) = -2*x**2 + 9*x + 5. Let y(n) = -n**2 - 13*n - 7. Let c be y(-12). Let d be q(c). Is (0 + 1 + d)*487 composite?
False
Suppose -51*t - 8*t + 20983851 = 4*t. Is t composite?
True
Let g = -118 - -110. Is -2*(2106/(-4) - g/4) prime?
True
Suppose 0 = 419*h - 416*h - 23181. Is h a prime number?
True
Is (-2)/12 - (-17966317)/1194 a composite number?
True
Let j be -2 - (-3 + 4) - -15. Suppose -3*m + 2669 = 2*t, 5*t - 11*m = -j*m + 6705. Let v = t - -1445. Is v prime?
False
Is (87/(-12))/((54/(-432))/(4306/4)) a composite number?
True
Is -2*((